s y(-13)?
-31
Let r(m) = -m**3 - 5*m**2 - 6. Determine r(-5).
-6
Let d(v) = -2*v**2 - 3*v + 1. Calculate d(-3).
-8
Let g(c) = c**3 + c**2 + 5. Give g(0).
5
Let i(q) = -14*q. What is i(-2)?
28
Let w(n) = -11*n + 61. Calculate w(6).
-5
Let s(g) = -g**3 + 3*g**2 + 4*g + 6. Calculate s(4).
6
Let l(d) = -d**3 + d + 12. Calculate l(0).
12
Let w(d) = d**3 + 49*d**2 + 93*d - 41. Determine w(-47).
6
Let k(v) = -v**2 + 12*v + 35. What is k(-3)?
-10
Let t(s) = -s**2 - 6*s + 7. What is t(-5)?
12
Let g(v) = 5*v - 1. Give g(-5).
-26
Let o(z) = z**2 + 2*z - 10. Calculate o(0).
-10
Let x(g) = -10*g + 60. Give x(6).
0
Let y(z) = -2*z + 7. Give y(-1).
9
Let m(j) = j**3 - 6*j**2 - 8*j + 2. Calculate m(7).
-5
Let z(r) = -r**2 - 10*r + 10. Determine z(-7).
31
Let x(i) = -i - 46. Give x(-39).
-7
Let i(m) = m**2 - 15*m + 30. Give i(9).
-24
Let f(l) = -8*l + 57. What is f(13)?
-47
Let h(q) = q + 15. What is h(-13)?
2
Let r(a) = 9*a + 377. Calculate r(-42).
-1
Let g(q) = -q**2 - q + 5. What is g(-5)?
-15
Let q(w) = -w**3 - 15*w**2 + 2*w + 24. What is q(-15)?
-6
Let u(k) = -21*k**3 + k**2 - 4*k + 3. Calculate u(1).
-21
Let o(s) = -53*s**3 - s + 1. Give o(1).
-53
Let k(d) = -d**2 - 3*d - 1. Determine k(-4).
-5
Let i(m) = -m**2 + m. What is i(5)?
-20
Let x(d) = d**2 + 14*d + 2. Determine x(-16).
34
Let j(r) = -7*r - 51. Determine j(-6).
-9
Let t(u) = -2*u**2 + 36*u - 6. Calculate t(19).
-44
Let t(a) = 7*a**2 + 80*a + 8. What is t(-11)?
-25
Let y(z) = 4*z - 158. What is y(40)?
2
Let r(f) = 16*f + 43. Give r(-5).
-37
Let f(y) = y**2 - 21*y + 14. Calculate f(17).
-54
Let v(y) = y**3 - 16*y**2 + 3*y + 17. Determine v(16).
65
Let p(f) = f**3 - 6*f**2 + 4*f - 2. Calculate p(4).
-18
Let i(g) = 3*g**2 - 5*g + 2. Determine i(4).
30
Let x(b) = -b + 13. Give x(10).
3
Let f(n) = -n**3 - 5*n**2 + 7*n - 2. Determine f(-6).
-8
Let s(t) = t**3 + 2*t**2 - t - 21. What is s(0)?
-21
Let d(k) = -k**2 - 6*k. Determine d(-4).
8
Let q(o) = -o**3 + 9*o**2 + 3*o - 26. What is q(10)?
-96
Let t(h) = -h**3 - 6*h**2 + 7*h - 1. What is t(2)?
-19
Let d(q) = -q**2 + 8*q + 23. Calculate d(11).
-10
Let i(f) = f**2 + 7*f + 8. What is i(-3)?
-4
Let b(k) = k**3 + 11*k**2 - 2*k - 7. Calculate b(-11).
15
Let f(m) = -m**3 - 5*m**2 + 5*m - 3. Calculate f(-6).
3
Let w(m) = -14*m - 11. Give w(0).
-11
Let w(h) = -2*h + 11. Calculate w(4).
3
Let n(o) = o**3 - 2*o**2 - 13*o + 16. What is n(4)?
-4
Let q(y) = -y**3 - 3*y**2 - y - 6. What is q(-5)?
49
Let h(d) = -2*d - 8. Calculate h(-7).
6
Let y(b) = -b**3 + 11*b**2 + b - 2. What is y(11)?
9
Let u(o) = o**3 - 7*o**2 - 11*o. Determine u(8).
-24
Let k(r) = -4*r - 29. What is k(3)?
-41
Let u(n) = -n - 64. Determine u(-16).
-48
Let i(j) = -57*j - 175. Give i(-3).
-4
Let t(m) = m**3 - 5*m**2 + 3*m + 2. Give t(3).
-7
Let x(g) = 2*g + 4. What is x(-6)?
-8
Let v(g) = -8*g + 171. Calculate v(21).
3
Let m(h) = 2*h**2 + 5*h - 18. What is m(-5)?
7
Let p(j) = -j**3 - 29*j**2 + 61*j - 30. Calculate p(-31).
1
Let t(l) = -l**3 - 15*l**2 - 14*l + 3. Determine t(-14).
3
Let a(m) = 7*m - 68. Determine a(9).
-5
Let w(b) = 2*b**2 + 46*b + 13. Calculate w(-24).
61
Let y(a) = -a + 1. What is y(-6)?
7
Let s(b) = 3*b**2 + 3*b - 10. Calculate s(-4).
26
Let g(p) = 7*p + 13. Give g(-4).
-15
Let q(v) = 31*v + 187. Determine q(-6).
1
Let p(a) = -a**2 - a - 1. Determine p(2).
-7
Let l(k) = -17*k - 402. Calculate l(-24).
6
Let y(j) = -3*j + 21. Give y(0).
21
Let n(s) = -s**3 - 3*s**2 + 15*s. What is n(5)?
-125
Let l(j) = 5*j**2 + 44*j - 4. Determine l(-9).
5
Let m(s) = 3*s - 30. Determine m(6).
-12
Let s(k) = 8*k - 12. Give s(5).
28
Let j(p) = 2*p - 7. Determine j(-6).
-19
Let y(z) = z - 13. Give y(19).
6
Let p(u) = 2*u**2 + 4*u + 3. Determine p(-5).
33
Let s(n) = -11*n - 59. Calculate s(-3).
-26
Let y(m) = m**2 - 9*m + 1. Calculate y(10).
11
Let r(u) = -u**3 - 3*u**2 + 10*u + 1. What is r(-5)?
1
Let d(q) = -q**3 + 8*q**2 + 11*q + 1. What is d(9)?
19
Let d(w) = 5*w - 78. What is d(17)?
7
Let f(y) = -y**3 - 7*y**2 - 15*y - 63. What is f(-6)?
-9
Let d(q) = -2*q**3 - q**2 + 15*q + 8. Determine d(-3).
8
Let y(m) = -m**3 - 10*m**2 + 13*m + 26. Calculate y(-11).
4
Let i(f) = -f**2 + 3*f - 1. What is i(1)?
1
Let f(h) = -2*h**2 - 26*h + 27. Calculate f(-14).
-1
Let i(y) = 10*y**2 + 2*y. What is i(1)?
12
Let c(j) = -j - 5. Determine c(-4).
-1
Let m(s) = -s + 14. What is m(17)?
-3
Let m(o) = 4*o**2 - 2*o + 4. Determine m(3).
34
Let m(a) = -12*a - 111. What is m(-7)?
-27
Let k(n) = 4*n + 9. What is k(5)?
29
Let x(s) = 2*s**2 + 15*s - 109. Calculate x(-12).
-1
Let p(d) = d**3 - 14*d**2 - 19*d + 16. Calculate p(15).
-44
Let q(p) = 10*p + 38. Give q(-6).
-22
Let l(a) = 4*a + 7. Calculate l(-3).
-5
Let c(l) = l**3 + 2*l**2 - l + 1. What is c(-4)?
-27
Let y(v) = 45*v**2 - 2*v - 4. Determine y(-1).
43
Let u(j) = -8*j**2 - 30*j - 6. What is u(-4)?
-14
Let f(o) = 2*o - 39. Determine f(27).
15
Let o(i) = -i**2 + 4*i - 6. Calculate o(4).
-6
Let p(b) = -37*b + 192. Give p(5).
7
Let m(l) = -37*l - 512. Determine m(-14).
6
Let y(p) = -4*p**2 + 8*p + 3. Determine y(3).
-9
Let r(v) = -2*v**3 + 32*v**2 + 2*v - 14. What is r(16)?
18
Let n(t) = -t**3 - 5*t**2 - 2*t - 17. Determine n(-5).
-7
Let i(o) = -o**3 + 13*o**2 - 15*o + 47. Give i(12).
11
Let c(i) = -i**2 + 21*i - 14. Determine c(13).
90
Let s(k) = -4*k - 24. What is s(-14)?
32
Let v(p) = p**3 - 19*p**2 + p - 27. Calculate v(19).
-8
Let h(g) = 6*g**2 - g - 7. Determine h(3).
44
Let w(v) = -2*v**3 + 3*v - 1. Determine w(2).
-11
Let r(n) = n**2 - 3*n - 5. Calculate r(0).
-5
Let u(r) = -r**3 + 4*r**2 + 15*r + 33. What is u(7)?
-9
Let l(h) = -2*h**3 - 6*h**2 + 2*h + 1. Determine l(-3).
-5
Let n(v) = -v**3 + 2*v**2 - 3*v - 2. Calculate n(3).
-20
Let n(m) = 25*m**2 + m - 1. Determine n(1).
25
Let n(z) = z - 23. What is n(15)?
-8
Let g(c) = -5*c**2 + 2*c + 2. Determine g(-1).
-5
Let w(x) = x**3 - 8*x**2 - x - 10. Determine w(8).
-18
Let n(d) = 4*d**2 - 5*d + 2. What is n(3)?
23
Let w(u) = u**2 - 4*u + 2. Calculate w(4).
2
Let l(f) = 59*f + 380. Give l(-7).
-33
Let h(n) = n**2 - 9*n - 3. Give h(9).
-3
Let x(v) = 8*v**2 + 40*v + 7. Determine x(-5).
7
Let v(o) = -3*o - 8. Calculate v(-7).
13
Let i(u) = -u**3 + 2*u**2 + 9*u + 3. Calculate i(4).
7
Let b(g) = -g**3 + 20*g**2 - 36*g - 5. Give b(18).
-5
Let b(y) = 4*y - 4. What is b(-10)?
-44
Let s(k) = -k**3 - 3*k**2 + 5*k - 2. Calculate s(-4).
-6
Let x(a) = -8*a - 6. Calculate x(-2).
10
Let q(c) = c**3 + 2*c**2 + 3. Give q(-3).
-6
Let k(s) = s - 8. Give k(9).
1
Let i(p) = 2*p - 7. Calculate i(-6).
-19
Let t(b) = b**3 + 7*b**2 + 6*b - 25. Calculate t(-5).
-5
Let v(l) = l**3 + 9*l**2 + 7*l. Give v(-8).
8
Let t(r) = 4*r**2 - 4*r + 2. Calculate t(2).
10
Let o(y) = -8*y - 56. Calculate o(-6).
-8
Let y(t) = 2*t**3 - 3*t**2 + 3*t. Give y(2).
10
Let k(l) = -l**2 + 15*l - 14. Calculate k(11).
30
Let t(v) = -2*v**3 + 12*v**2 - 15*v + 82. Determine t(6).
-8
Let u(i) = -i**3 + 12*i**2 - 13*i - 39. What is u(10)?
31
Let b(l) = l**3 - 8*l**2 + 4*l - 39. Determine b(8).
-7
Let n(a) = a**3 - 20*a**2 - 23*a + 29. What is n(21)?
-13
Let p(y) = -10*y - 3. Determine p(-2).
17
Let y(s) = -s**2 - 2*s - 6. Determine y(-3).
-9
Let g(b) = -b**3 + b**2 + b + 7. Give g(-3).
40
Let i(m) = -6*m - 9. Determine i(-6).
27
Let d(w) = -w**2 - 8*w + 9. Determine d(-8).
9
Let i(k) = -4*k - 10. Calculate i(-6).
14
Let a(t) = t**2 + 2*t - 1. Determine a(-4).
7
Let a(j) = 3*j - 51. What is a(25)?
24
Let k(c) = -23*c + 546. What is k(24)?
-6
Let x(n) = n**3 - 20*n**2 + 6*n - 118. What is x(20)?
2
Let c(z) = -z**2 + 3*z + 14. Calculate c(0).
14
Let v(k) = k**3 + 6*k**2 - 6*k - 1. What is v(-7)?
-8
Let w(i) = i**2 + 14*i - 12. Give w(-15).
3
Let d(t) = -t**3 + 11*t**2 + 13*t + 17. Give d(11).
160
Let h(y) = -y + 9. Give h(7).
2
Let j(s) = -s**3 + s**2 + 10*s - 4. Calculate j(0).
-4
Let r(w) = -2*w**2 + 57*w + 26. What is r(29)?
-3
Let f(p) = 6*p + 42. Give f(-7).
0
Let d(y) = 28*y + 137. Give d(-5).
-3
Let h(o) = 46*o - 1. What is h(1)?
45
Let k(u) = -5*u**2 - u + 13. Calculate k(3).
-35
Let u(s) = 26*s**3 + 2*s**2 - 2*s. Give u(1).
26
Let u(o) = -2*o**2 - 53*o + 58. What is u(-28)?
-26
Let l(r) = -r**2 - 5*r - 2. Determine l(-3).
4
Let o(w) = w**3 - 15*w**2 + 2*w - 25. Determine o(15).
5
Let t(s) = s**3 + 8*s**2 + 11*s - 6. Give t(-5).
14
Let c(l) = -2*l**3 + l + 3. Det